mon divisor of k and q.
10
Let o(n) = -9*n + 6. Let d be o(-6). Suppose c - 3*c = -82. Let k = -29 + c. Calculate the greatest common factor of d and k.
12
Let c be 0 - (-48)/(2 + 1). Let f = 4 + c. What is the highest common divisor of f and 8?
4
Suppose -3*x + 2*k = -42, -7*x + 2*x + 48 = 4*k. What is the highest common factor of x and 8?
4
Suppose 0 = -2*k + 4*k - 3*t - 113, -3*k + 164 = t. Suppose 0 = -4*r + k - 3. Suppose 8*s - 9*s = -r. What is the greatest common divisor of 104 and s?
13
Let d(w) = 11*w + 8. Let i be d(7). What is the greatest common factor of 17 and i?
17
Suppose -w = 2*f - 2*w, 0 = -5*w - 20. Let o be (-2)/(-4) + (-7)/f. Suppose -o*s + 30 = -34. Calculate the highest common divisor of s and 8.
8
Let h = -6 - -17. Calculate the greatest common factor of h and 22.
11
Let l be (1 + -2 + 2)*9. What is the highest common factor of 72 and l?
9
Let d be (-101)/(-9) + 2/(-9). Let x(l) = 5*l**2 - l + 1. Let p(u) = u + 5. Let v be p(0). Let y be x(v). What is the greatest common factor of d and y?
11
Let o(g) = g**3 + 4*g**2 + 3*g + 3. Let b be o(-2). Suppose 156 = b*k - 169. Calculate the highest common factor of k and 26.
13
Let l be (3/(-6))/((-3)/36). Suppose 1 - l = -x. Let v be 1/x + (-108)/(-10). What is the highest common factor of v and 55?
11
Let x(w) be the second derivative of -5*w**3/2 - w**2/2 - 4*w. Let u be x(-1). What is the greatest common divisor of 2 and u?
2
Let x be (-4)/6 + 16/6. Let h(u) = u**2 + u - 2. Let c be h(3). Suppose -2*q = 3*q - c. What is the highest common factor of q and x?
2
Suppose 2*n = 7*n - 2155. Suppose -1661 + n = -5*d. Suppose -3*t + 231 = 4*o, 0*t + d = 3*t - o. What is the highest common factor of t and 9?
9
Let r(w) = -48*w - 229. Let s be r(-5). Suppose 2*p - 38 - 204 = 0. What is the highest common factor of p and s?
11
Let a(b) = -2*b**3 - 5*b. Let o be a(-4). Let q = o - -104. Suppose 0*u - q = -4*u. What is the highest common factor of 7 and u?
7
Let n(g) = g**3 - 14*g**2 + 37*g - 2. Let o be n(3). Suppose 2*f + 5*z - 5 - 4 = 0, 0 = -2*f - 4*z + 8. What is the highest common divisor of o and f?
2
Let c(w) = -w**2 - 10*w + 1. Let b be c(-8). Suppose b = -x + 47. What is the highest common factor of x and 12?
6
Suppose p - 11 = 4*a, -p - p - 2*a = 8. Let g be (5/10)/(p/(-22)). Let u(k) = k**2 - 4*k - 5. Let d be u(-6). What is the greatest common divisor of d and g?
11
Let n(w) = -2*w + 2 - w**3 + 0*w - 6 - 2*w - 4*w**2. Let p be n(-4). Calculate the greatest common divisor of 12 and p.
12
Suppose 0*z - 5*v - 56 = -4*z, -2*v - 53 = -5*z. Suppose -7 = -2*c + z. Suppose -4*x = -5*x + c. What is the highest common factor of 32 and x?
8
Let m(d) = -d**3 - 19*d**2 - 25*d + 10. Let j be m(-18). What is the greatest common divisor of 17 and j?
17
Suppose -3*q + 7 = 1. Suppose 4*z = p + 66, 34 + 47 = 5*z - q*p. Let a be (-933)/(-5) - 6/(-15). Calculate the greatest common factor of z and a.
17
Let n be (0/2)/(-1 - 2). Suppose h - 3*h + 448 = n. What is the greatest common divisor of h and 32?
32
Let d(y) = -y + 16. Let z be d(7). Suppose -z = -h - 3. Calculate the greatest common factor of h and 4.
2
Let h(w) = w**3 - 8*w**2 - 7*w + 12. Let l be h(9). Calculate the highest common divisor of l and 6.
6
Let o(y) = y**2 - 2*y + 3. Let l be o(3). Let g be -3*((-46)/l - -1). What is the highest common factor of 10 and g?
10
Suppose -5*j = -4*i - j + 620, -25 = -5*j. Calculate the greatest common divisor of 20 and i.
20
Suppose -t + 2*l - 92 = -4*t, l - 116 = -4*t. Let m(r) = -r + 13. Let k be m(6). Let w be ((-8)/(-2))/(2/k). Calculate the greatest common divisor of w and t.
14
Let p(l) = -l**3 - 10*l**2 - 10*l - 4. Let c be p(-9). Suppose -31 + 101 = 3*u - 4*q, 5*u - 115 = c*q. What is the highest common divisor of u and 176?
22
Let o = 58 + -27. Calculate the highest common factor of o and 279.
31
Suppose 3*m - 5*m + 14 = d, 2*m = -4*d + 38. Calculate the greatest common factor of 32 and d.
8
Let n(y) = -y**3 - 2*y**2 - 3. Let m be n(-3). Suppose 0 = -2*v - m, 4*l + 2 = 4*v + 34. Calculate the highest common factor of 40 and l.
5
Let o(z) = z**3 - 5*z**2 + 6*z + 10. Let n be o(4). What is the highest common divisor of n and 63?
9
Let f(j) = -j - 6. Let g be f(-14). Suppose -q + x + g = -4, 3*q - 42 = x. Calculate the greatest common factor of 165 and q.
15
Let j(x) = -x + 3. Let i be j(-3). Suppose -d = -i*d + 10. Calculate the highest common divisor of d and 14.
2
Let w(v) = v**3 + 3*v**2 - 2*v - 3. Let r be w(-3). Suppose 7*p + 417 = 5*l + 4*p, -253 = -r*l - p. Calculate the highest common factor of 12 and l.
12
Let q = -30 + 72. Suppose -5*n = 2*n - 42. Calculate the greatest common factor of q and n.
6
Let z be (-9)/(-3) - (1 - 0). What is the highest common factor of 16 and z?
2
Let r be 3 + 12 + (-4)/2. Suppose -5*j + 0 = -2*l + 1, 3*l - 4*j = 19. What is the greatest common divisor of l and r?
13
Let v be (0 - 4)*(6/(-3) - 38). What is the greatest common factor of 40 and v?
40
Let h = 23 + -32. Let d be h/(1 + 2)*-1. Let z = -16 + 49. Calculate the highest common factor of z and d.
3
Let d be (1 + -4)/(6/(-4)). Let x(s) = 16*s**2 - 2*s + 3. Let o be x(d). Suppose 0*p + 2*p - 18 = 0. Calculate the greatest common factor of p and o.
9
Let u(b) = b**3 + 4*b**2 + 2*b + 5. Let w be u(-4). Let t be (-72)/(-27) + 2/w. Calculate the highest common factor of 4 and t.
2
Suppose -2*z + 2 = 5*w, 2*z = -z + 2*w + 41. Let s = 109 + -65. Calculate the highest common factor of z and s.
11
Suppose -w + 2 - 1 = 0. Let l = -41 + 31. Let b = w - l. Calculate the highest common divisor of 88 and b.
11
Let y(a) = a**2 - 5*a + 3. Let m be y(-6). Calculate the highest common factor of m and 46.
23
Let n = 46 + -35. Calculate the highest common divisor of 143 and n.
11
Let p = -69 + 125. What is the greatest common factor of p and 7?
7
Suppose 0 = -2*t + 7*t - 130. What is the highest common factor of 39 and t?
13
Let i be (-2 - -8)/(4/6). Let u = -6 + i. What is the highest common factor of u and 2?
1
Let f = 10 - 0. Calculate the highest common divisor of 1 and f.
1
Let t(b) = -3*b - 1. Let w(v) = -12*v - 4. Let z(u) = 9*t(u) - 2*w(u). Let k be z(-3). Calculate the highest common factor of k and 2.
2
Suppose 0 = -4*c - 16, -3*o + 3*c + 10 = 2*c. Let i = o + 2. What is the greatest common factor of 16 and i?
4
Let d(t) = -t**3 - 13*t**2 - 6*t - 42. Let c be d(-13). Calculate the highest common factor of 12 and c.
12
Suppose 2*n - 28 = -2*n. Suppose 4*u - 12 = -0*u. Suppose g = -5*d + u*g + 251, -2*g = d - 43. What is the greatest common divisor of n and d?
7
Let v(y) be the third derivative of 11*y**6/120 - 8*y**2. Let c be v(1). Calculate the greatest common divisor of c and 33.
11
Suppose m - 4*g = 10, g + 71 - 1 = 4*m. Suppose -32 = -5*b + 193. What is the highest common divisor of m and b?
9
Suppose -2*w = -4*w + 2. Let q be w*(-6)/(-4)*26. Calculate the highest common factor of q and 26.
13
Suppose 0 = -4*p - 3*h + 67, h - 71 + 1 = -5*p. What is the highest common factor of 39 and p?
13
Suppose -2 = -2*f, -5*s + 93 = 2*f + f. Suppose 0 = -5*g - r - 0*r + 45, 45 = 5*g - r. What is the highest common divisor of s and g?
9
Let s(k) = -5*k - 4. Let n be s(-3). Let v(i) = -11*i. Let u be v(-8). What is the highest common divisor of u and n?
11
Let p(x) = x**3 + 5*x**2 + 4*x - 3. Let z be p(-4). Let a be (-23)/z + 6/(-9). Let g = -3 + a. Calculate the highest common factor of g and 4.
4
Suppose -23*m - 297 = -26*m. Let i be ((-22)/8)/((-3)/12). What is the highest common divisor of m and i?
11
Suppose 4*x - 3*x - 70 = 0. Suppose 17 = 2*y - 39. Calculate the greatest common divisor of y and x.
14
Let k(b) = -12*b + 3. Let o be k(3). Let w = -13 - o. Calculate the greatest common factor of w and 4.
4
Suppose -3*h - 12 = 0, q = -4*h - 8 - 0. Calculate the greatest common divisor of 12 and q.
4
Let a be (2 + 14/(-2))/(-1). Let y = 54 - -1. Calculate the highest common factor of a and y.
5
Suppose -g = -3*g + 4. Suppose -g = v - 1. Let b be -1 + (2 - 13)*v. What is the greatest common factor of 5 and b?
5
Let t be ((-276)/18)/((-1)/3). What is the highest common factor of 23 and t?
23
Suppose 7*l - 296 = -65. Calculate the highest common factor of 88 and l.
11
Let x(w) = 98*w**2 - 2*w - 1. Let m be x(-1).